dreds digit of 72988?
9
What is the units digit of 990?
0
What is the thousands digit of 1773?
1
What is the tens digit of 5676?
7
What is the tens digit of 1679?
7
What is the units digit of 8335?
5
What is the thousands digit of 11981?
1
What is the ten thousands digit of 70166?
7
What is the tens digit of 4297?
9
What is the tens digit of 115405?
0
What is the tens digit of 20695?
9
What is the units digit of 905?
5
What is the hundreds digit of 923?
9
What is the thousands digit of 1060?
1
What is the units digit of 18828?
8
What is the ten thousands digit of 168107?
6
What is the tens digit of 5556?
5
What is the thousands digit of 17726?
7
What is the units digit of 2493?
3
What is the tens digit of 585?
8
What is the units digit of 17621?
1
What is the units digit of 273?
3
What is the tens digit of 873?
7
What is the thousands digit of 49088?
9
What is the ten thousands digit of 149528?
4
What is the units digit of 944?
4
What is the units digit of 11088?
8
What is the units digit of 8070?
0
What is the thousands digit of 2605?
2
What is the units digit of 6191?
1
What is the thousands digit of 1317?
1
What is the tens digit of 3790?
9
What is the hundreds digit of 6958?
9
What is the units digit of 8738?
8
What is the tens digit of 5496?
9
What is the ten thousands digit of 147971?
4
What is the hundreds digit of 13347?
3
What is the tens digit of 4199?
9
What is the hundreds digit of 25205?
2
What is the hundreds digit of 5252?
2
What is the units digit of 921?
1
What is the thousands digit of 5989?
5
What is the units digit of 1082?
2
What is the thousands digit of 1592?
1
What is the units digit of 2096?
6
What is the hundreds digit of 1162?
1
What is the hundreds digit of 1167?
1
What is the hundreds digit of 2933?
9
What is the units digit of 1058?
8
What is the units digit of 47783?
3
What is the hundreds digit of 916?
9
What is the thousands digit of 20285?
0
What is the hundred thousands digit of 158220?
1
What is the tens digit of 97?
9
What is the tens digit of 15966?
6
What is the ten thousands digit of 18993?
1
What is the hundreds digit of 2538?
5
What is the hundreds digit of 11552?
5
What is the hundreds digit of 2085?
0
What is the hundreds digit of 132?
1
What is the tens digit of 22917?
1
What is the units digit of 729?
9
What is the units digit of 5613?
3
What is the thousands digit of 32369?
2
What is the ten thousands digit of 35096?
3
What is the tens digit of 33892?
9
What is the ten thousands digit of 187067?
8
What is the units digit of 834?
4
What is the units digit of 469?
9
What is the thousands digit of 3700?
3
What is the tens digit of 7471?
7
What is the thousands digit of 1855?
1
What is the hundred thousands digit of 116355?
1
What is the hundreds digit of 31019?
0
What is the hundreds digit of 4802?
8
What is the hundreds digit of 27263?
2
What is the hundreds digit of 1165?
1
What is the units digit of 15449?
9
What is the tens digit of 5328?
2
What is the units digit of 8520?
0
What is the units digit of 9443?
3
What is the units digit of 79?
9
What is the hundreds digit of 6545?
5
What is the hundreds digit of 6704?
7
What is the tens digit of 6166?
6
What is the units digit of 259?
9
What is the thousands digit of 2093?
2
What is the thousands digit of 17577?
7
What is the tens digit of 1460?
6
What is the thousands digit of 1320?
1
What is the thousands digit of 4148?
4
What is the units digit of 6027?
7
What is the hundreds digit of 82607?
6
What is the tens digit of 1484?
8
What is the units digit of 43577?
7
What is the hundreds digit of 1416?
4
What is the hundreds digit of 103214?
2
What is the tens digit of 19?
1
What is the units digit of 515?
5
What is the units digit of 659?
9
What is the tens digit of 985?
8
What is the hundreds digit of 9460?
4
What is the thousands digit of 32804?
2
What is the units digit of 2755?
5
What is the units digit of 1232?
2
What is the ten thousands digit of 82837?
8
What is the hundred thousands digit of 145555?
1
What is the hundreds digit of 493?
4
What is the thousands digit of 9092?
9
What is the hundreds digit of 6453?
4
What is the thousands digit of 1630?
1
What is the thousands digit of 4940?
4
What is the units digit of 55596?
6
What is the hundreds digit of 55062?
0
What is the units digit of 54608?
8
What is the units digit of 444?
4
What is the units digit of 440?
0
What is the tens digit of 4027?
2
What is the thousands digit of 48993?
8
What is the tens digit of 58116?
1
What is the units digit of 2052?
2
What is the tens digit of 1537?
3
What is the hundreds digit of 923?
9
What is the units digit of 3618?
8
What is the hundreds digit of 7693?
6
What is the units digit of 25766?
6
What is the tens digit of 6878?
7
What is the thousands digit of 4233?
4
What is the units digit of 6701?
1
What is the thousands digit of 43033?
3
What is the tens digit of 14039?
3
What is the tens digit of 1788?
8
What is the thousands digit of 4162?
4
What is the hundreds digit of 7593?
5
What is the tens digit of 174?
7
What is the tens digit of 7200?
0
What is the units digit of 2161?
1
What is the hundreds digit of 1022?
0
What is the hundreds digit of 24495?
4
What is the hundred thousands digit of 104625?
1
What is the hundreds digit of 2013?
0
What is the hundreds digit of 458?
4
What is the units digit of 277?
7
What is the hundreds digit of 9757?
7
What is the tens digit of 3723?
2
What is the hundreds digit of 2696?
6
What is the tens digit of 2431?
3
What is the tens digit of 2089?
8
What is the units digit of 219?
9
What is the hundreds digit of 18845?
8
What is the hundreds digit of 25324?
3
What is the tens digit of 1187?
8
What is the tens digit of 275?
7
What is the hundreds digit of 58824?
8
What is the units digit of 2432?
2
What is the hundreds digit of 18175?
1
What is the hundreds digit of 8908?
9
What is the tens digit of 50117?
1
What is the units digit of 1376?
6
What is the thousands digit of 4516?
4
What is the units digit of 1011?
1
What is the tens digit of 89409?
0
What is the hundreds digit of 2930?
9
What is the tens digit of 11204?
0
What is the tens digit of 11617?
1
What is the tens digit of 28796?
9
What is the hundreds digit of 3700?
7
What is the units digit of 6915?
5
What is the ten thousands digit of 24764?
2
What is the units digit of 355?
5
What is the tens digit of 2655?
5
What is the units digit of 170744?
4
What is the thousands digit of 28593?
8
What is the thousands digit of 23724?
3
What is the units digit of 26?
6
What is the tens digit of 39719?
1
What is the thousands digit of 1147?
1
What is the thousands digit of 30661?
0
What is the hundreds digit of 2488?
4
What is the units digit of 21904?
4
What is the thousands digit of 26059?
6
What is the units digit of 410?
0
What is the hundreds digit of 180147?
1
What is the hundreds digit of 27499?
4
What is the hundreds digit of 1841?
8
What is the thousands digit of 15758?
5
What is the hundred thousands digit of 134393?
1
What is the ten thousands digit of 38065?
3
What is the thousands digit of 48187?
8
What is the hundreds digit of 182?
1
What is the units digit of 756?
6
What is the units digit of 610?
0
What is the units digit of 132450?
0
What is the hundreds digit of 16986?
9
What is the tens digit of 4625?
2
What is the ten thousands digit of 55649?
5
What is the units digit of 1167?
7
What is the units digit of 31?
1
What is the thousands digit of 8654?
8
What is the thousands digit of 1294?
1
What is the units digit of 5296?
6
What is the thousands digit of 11640?
1
What is the units digit of 13209?
9
What is the units digit of 1569?
9
What is the thousands digit of 21964?
1
What is the units digit of 484?
4
What is the units digit of 4947?
7
What is the tens digit of 15664?
6
What is the hundreds digit of 2030?
0
What is the tens digit of 417?
1
What is the tens digit of 398?
9
What is the units digit of 9829?
9
What is the units digit of 80?
0
What is the ten thousands digit of 32266?
3
What is the ten thousands digit of 40172?
4
What is the thousands digit of 2921?
2
What is the tens digit of 2187?
8
What is the ten thousands digit of 27320?
2
What is the units digit of 98324?
4
What is the units digit of 4267?
7
What is the thousands digit of 17